86?
2, 107, 2084749
What are the prime factors of 346728685?
5, 17, 67, 107, 569
What are the prime factors of 25526680?
2, 5, 149, 4283
What are the prime factors of 92245863?
3, 31, 709, 1399
List the prime factors of 3777765967.
281, 13444007
List the prime factors of 1624057932.
2, 3, 7, 19334023
What are the prime factors of 149767835?
5, 7, 23, 8089
What are the prime factors of 71257604?
2, 11, 59, 27449
List the prime factors of 2000988040.
2, 5, 19, 23, 114473
List the prime factors of 991120734.
2, 3, 55062263
What are the prime factors of 3880499?
7, 83, 6679
List the prime factors of 888021360.
2, 3, 5, 53, 7757
What are the prime factors of 23021822?
2, 47, 53, 4621
List the prime factors of 1043053924.
2, 11, 43, 551297
What are the prime factors of 42678157?
97, 439981
What are the prime factors of 14798386?
2, 89, 83137
List the prime factors of 20404179.
3, 2267131
What are the prime factors of 623315880?
2, 3, 5, 11, 17, 47, 197
List the prime factors of 10122531.
3, 17, 41, 47, 103
List the prime factors of 30383459.
30383459
List the prime factors of 20147701.
7, 23, 125141
What are the prime factors of 7971738?
2, 3, 71, 18713
List the prime factors of 4942082743.
13, 67, 5674033
What are the prime factors of 55999318?
2, 317, 88327
List the prime factors of 1126034159.
281, 4007239
What are the prime factors of 965824820?
2, 5, 103, 139, 3373
What are the prime factors of 466601422?
2, 7, 680177
List the prime factors of 369538554.
2, 3, 7, 11, 17, 47051
What are the prime factors of 1296878521?
29, 31, 1442579
What are the prime factors of 24118648?
2, 17, 109, 1627
List the prime factors of 4183789349.
4183789349
List the prime factors of 44938976.
2, 199, 7057
List the prime factors of 32996264.
2, 7, 589219
What are the prime factors of 51515905?
5, 7, 283, 743
List the prime factors of 45774993.
3, 11, 1387121
What are the prime factors of 6325188660?
2, 3, 5, 7, 73, 68767
What are the prime factors of 1976372429?
971, 2035399
List the prime factors of 65080138.
2, 103, 431, 733
List the prime factors of 48275532.
2, 3, 41, 32707
List the prime factors of 36720989.
29, 1266241
List the prime factors of 113078169.
3, 17, 641, 1153
What are the prime factors of 1170412215?
3, 5, 7, 1759, 6337
What are the prime factors of 268281802?
2, 67, 239, 8377
List the prime factors of 654069579.
3, 3037, 71789
What are the prime factors of 445913138?
2, 11, 1223, 16573
What are the prime factors of 283552298?
2, 141776149
List the prime factors of 3862111983.
3, 5843, 220327
List the prime factors of 50597680.
2, 5, 7, 90353
What are the prime factors of 1054895090?
2, 5, 105489509
List the prime factors of 309268643.
19, 109, 149333
What are the prime factors of 58221498?
2, 3, 17, 37, 15427
List the prime factors of 208474404.
2, 3, 467, 37201
List the prime factors of 3566352748.
2, 7, 43, 997, 2971
List the prime factors of 7654002.
2, 3, 1275667
What are the prime factors of 295194177?
3, 37, 886469
List the prime factors of 4073570269.
45557, 89417
List the prime factors of 108273391.
17, 6369023
List the prime factors of 639768584.
2, 7, 13, 239, 3677
What are the prime factors of 939666165?
3, 5, 62644411
What are the prime factors of 66606175?
5, 2664247
What are the prime factors of 34491347?
11, 739, 4243
List the prime factors of 54186593.
653, 82981
List the prime factors of 106346217.
3, 149, 237911
List the prime factors of 4444919684.
2, 421, 2639501
List the prime factors of 72015720.
2, 3, 5, 7, 85733
What are the prime factors of 393263243?
393263243
What are the prime factors of 65118022?
2, 32559011
What are the prime factors of 81435820?
2, 5, 67, 60773
List the prime factors of 4453788765.
3, 5, 19, 73, 593
List the prime factors of 1264140688.
2, 79008793
What are the prime factors of 7882877871?
3, 11, 19, 331, 1151
What are the prime factors of 102604037?
9949, 10313
What are the prime factors of 72984618?
2, 3, 7, 27583
What are the prime factors of 152705230?
2, 5, 2819, 5417
List the prime factors of 7568873.
13, 582221
List the prime factors of 130498164.
2, 3, 3624949
List the prime factors of 13503065.
5, 2700613
List the prime factors of 408388935.
3, 5, 661, 41189
List the prime factors of 43324246.
2, 7, 1129, 2741
List the prime factors of 877444955.
5, 617, 284423
What are the prime factors of 901355985?
3, 5, 6676711
List the prime factors of 4867332.
2, 3, 405611
List the prime factors of 293008259.
293008259
List the prime factors of 79621079.
43, 827, 2239
What are the prime factors of 184897652?
2, 46224413
What are the prime factors of 27496938?
2, 3, 7, 31, 431
List the prime factors of 263714285.
5, 17, 61, 181, 281
List the prime factors of 3008945637.
3, 37147477
What are the prime factors of 49008817?
11, 13, 41, 643
List the prime factors of 1617713284.
2, 11, 36766211
List the prime factors of 2956913110.
2, 5, 295691311
List the prime factors of 2188106747.
19, 971, 118603
What are the prime factors of 258106383?
3, 199, 211, 683
List the prime factors of 6573783.
3, 2191261
What are the prime factors of 867363768?
2, 3, 37, 108529
List the prime factors of 354516150.
2, 3, 5, 2363441
List the prime factors of 2093311763.
2093311763
List the prime factors of 248354598.
2, 3, 17, 23, 105863
What are the prime factors of 64903472?
2, 4056467
What are the prime factors of 42478829?
41, 1036069
List the prime factors of 317563034.
2, 941, 168737
List the prime factors of 49043274.
2, 3, 7, 1167697
List the prime factors of 506201002.
2, 19, 59, 225781
List the prime factors of 2165628320.
2, 5, 1061, 12757
List the prime factors of 633321521.
7, 2347, 5507
What are the prime factors of 2547723832?
2, 19, 16761341
What are the prime factors of 71028854?
2, 13, 73, 37423
List the prime factors of 120753639.
3, 4472357
What are the prime factors of 144208018?
2, 37, 53, 83, 443
What are the prime factors of 212487778?
2, 163, 651803
List the prime factors of 546513894.
2, 3, 353, 86011
List the prime factors of 1499698206.
2, 3, 27772189
List the prime factors of 3409175090.
2, 5, 31, 349, 31511
What are the prime factors of 1636600457?
1789, 914813
List the prime factors of 1328543973.
3, 19, 7769263
What are the prime factors of 283318877?
137, 241, 8581
What are the prime factors of 41618790?
2, 3, 5, 163, 2837
What are the prime factors of 8595320837?
233, 36889789
List the prime factors of 136440380.
2, 5, 83, 82193
List the prime factors of 2323656564.
2, 3, 193638047
What are the prime factors of 3575279113?
7, 61, 1433, 5843
What are the prime factors of 10933699?
7, 263, 5939
List the prime factors of 233273853.
3, 31, 836107
List the prime factors of 21396673.
21396673
List the prime factors of 447344391.
3, 13, 1447, 7927
List the prime factors of 1643820256.
2, 13, 137, 28843
What are the prime factors of 78939189?
3, 7, 29, 43207
What are the prime factors of 4676078510?
2, 5, 73, 6405587
What are the prime factors of 2340708312?
2, 3, 8647, 11279
List the prime factors of 155513938.
2, 5477, 14197
What are the prime factors of 3367037310?
2, 3, 5, 7, 13, 19, 139, 467
List the prime factors of 203980810.
2, 5, 11, 569, 3259
What are the prime factors of 54382726?
2, 27191363
What are the prime factors of 42650046?
2, 3, 79, 89, 337
List the prime factors of 1670760344.
2, 11, 73, 260081
What are the prime factors of 106954862?
2, 7, 7639633
List the prime factors of 70776320.
2, 5, 27647
List the prime factors of 563022991.
19, 641, 46229
What are the prime factors of 60192492?
2, 3, 1627, 3083
List the prime factors of 1109998794.
2, 3, 173, 1069363
What are the prime factors of 1675343251?
17, 2003, 49201
List the prime factors of 1457235113.
193, 331, 22811
What are the prime factors of 3487638781?
11, 587, 49103
List the prime factors of 2400019183.
17, 141177599
What are the prime factors of 5973926040?
2, 3, 5, 19, 277, 1051
What are the prime factors of 33466726?
2, 47, 439, 811
What are the prime factors of 9183736?
2, 113, 10159
What are the prime factors of 216335443?
2459, 87977
What are the prime factors of 603778147?
7, 683, 18041
What are the prime factors of 1294189402?
2, 11, 1181, 49811
What are the prime factors of 182868850?
2, 5, 61, 59957
What are